{"id":7796,"date":"2023-01-16T16:50:26","date_gmt":"2023-01-16T19:50:26","guid":{"rendered":"https:\/\/oimpresso.com\/ajuda\/?page_id=7796"},"modified":"2023-04-04T13:38:10","modified_gmt":"2023-04-04T16:38:10","slug":"rateio","status":"publish","type":"page","link":"https:\/\/oimpresso.com\/ajuda\/rateio\/","title":{"rendered":"Rateio"},"content":{"rendered":"<p>[vc_row full_width=&#8221;stretch_row_content&#8221; css=&#8221;.vc_custom_1676920898231{margin-top: -70px !important;padding-bottom: 50px !important;background-position: center !important;background-repeat: no-repeat !important;background-size: cover !important;}&#8221;][vc_column css=&#8221;.vc_custom_1680619540315{background-image: url(https:\/\/oimpresso.com\/ajuda\/wp-content\/uploads\/2023\/04\/Rateio.png?id=10920) !important;background-position: center !important;background-repeat: no-repeat !important;background-size: cover !important;}&#8221; offset=&#8221;vc_hidden-md vc_hidden-sm vc_hidden-xs&#8221;][vc_column_text css=&#8221;.vc_custom_1680619716446{padding-left: 50px !important;}&#8221;]<\/p>\n<h1 style=\"color: #474747;\" id=\"rateio\" >Rateio<\/h1>\n<p>[\/vc_column_text][vc_column_text css=&#8221;.vc_custom_1680619765742{padding-right: 600px !important;padding-left: 50px !important;}&#8221;]<\/p>\n<p style=\"color: #575757; font-size: 25px;\">Dificuldades em gerenciar sua Associa\u00e7\u00e3o?<\/p>\n<p style=\"font-size: 20px; color: #575757;\">Conte com o <strong>Office Impresso<\/strong> para facilitar os processos!<\/p>\n<p>[\/vc_column_text][vc_column_text css=&#8221;.vc_custom_1680619786190{padding-right: 630px !important;padding-left: 50px !important;}&#8221;]<\/p>\n<p style=\"color: #676767;\">Atrav\u00e9s do cadastro completo de seus associados e equipamentos \u00e9 poss\u00edvel efetuar o lan\u00e7amento financeiro correspondente \u00e0 ocorr\u00eancia, determinando como ser\u00e1 realizado o c\u00e1lculo e ratear os valores devidos, evitando inconsist\u00eancias em suas finan\u00e7as.<\/p>\n<p>[\/vc_column_text][vc_empty_space height=&#8221;100&#8243;][\/vc_column][\/vc_row][vc_row full_width=&#8221;stretch_row_content&#8221; css=&#8221;.vc_custom_1676921146248{margin-top: -20px !important;padding-bottom: 50px !important;background-position: center !important;background-repeat: no-repeat !important;background-size: cover !important;}&#8221;][vc_column css=&#8221;.vc_custom_1680619866966{background-image: url(https:\/\/oimpresso.com\/ajuda\/wp-content\/uploads\/2023\/04\/Rateio.png?id=10920) !important;background-position: center !important;background-repeat: no-repeat !important;background-size: cover !important;}&#8221; offset=&#8221;vc_hidden-lg vc_hidden-sm vc_hidden-xs&#8221;][vc_column_text css=&#8221;.vc_custom_1680619716446{padding-left: 50px !important;}&#8221;]<\/p>\n<h1 style=\"color: #474747;\" id=\"rateio\" >Rateio<\/h1>\n<p>[\/vc_column_text][vc_column_text css=&#8221;.vc_custom_1680619765742{padding-right: 600px !important;padding-left: 50px !important;}&#8221;]<\/p>\n<p style=\"color: #575757; font-size: 25px;\">Dificuldades em gerenciar sua Associa\u00e7\u00e3o?<\/p>\n<p style=\"font-size: 20px; color: #575757;\">Conte com o <strong>Office Impresso<\/strong> para facilitar os processos!<\/p>\n<p>[\/vc_column_text][vc_column_text css=&#8221;.vc_custom_1680619786190{padding-right: 630px !important;padding-left: 50px !important;}&#8221;]<\/p>\n<p style=\"color: #676767;\">Atrav\u00e9s do cadastro completo de seus associados e equipamentos \u00e9 poss\u00edvel efetuar o lan\u00e7amento financeiro correspondente \u00e0 ocorr\u00eancia, determinando como ser\u00e1 realizado o c\u00e1lculo e ratear os valores devidos, evitando inconsist\u00eancias em suas finan\u00e7as.<\/p>\n<p>[\/vc_column_text][vc_empty_space height=&#8221;100&#8243;][\/vc_column][\/vc_row][vc_row full_width=&#8221;stretch_row_content&#8221; css=&#8221;.vc_custom_1676921326147{margin-top: -65px !important;padding-bottom: 50px !important;background-position: center !important;background-repeat: no-repeat !important;background-size: cover !important;}&#8221;][vc_column css=&#8221;.vc_custom_1676921921382{background-position: center !important;background-repeat: no-repeat !important;background-size: cover !important;}&#8221; offset=&#8221;vc_hidden-lg vc_hidden-md vc_col-xs-12&#8243;][vc_column_text css=&#8221;.vc_custom_1680619927932{padding-right: 50px !important;padding-left: 50px !important;}&#8221;]<\/p>\n<h1 style=\"text-align: center; color: #474747;\" id=\"rateio\" >Rateio<\/h1>\n<p>[\/vc_column_text][vc_column_text css=&#8221;.vc_custom_1680620017708{padding-right: 10px !important;padding-left: 10px !important;}&#8221;]<\/p>\n<p style=\"text-align: center; color: #575757; font-size: 25px;\">Dificuldades em gerenciar sua Associa\u00e7\u00e3o?<\/p>\n<p style=\"font-size: 20px; text-align: center; color: #575757;\">Conte com o <strong>Office Impresso<\/strong> para facilitar os processos!<\/p>\n<p>[\/vc_column_text][vc_column_text css=&#8221;.vc_custom_1680620038498{padding-right: 10px !important;padding-left: 10px !important;}&#8221;]<\/p>\n<p style=\"color: #676767; text-align: center;\">Atrav\u00e9s do cadastro completo de seus associados e equipamentos \u00e9 poss\u00edvel efetuar o lan\u00e7amento financeiro correspondente \u00e0 ocorr\u00eancia, determinando como ser\u00e1 realizado o c\u00e1lculo e ratear os valores devidos, evitando inconsist\u00eancias em suas finan\u00e7as.<\/p>\n<p>[\/vc_column_text][\/vc_column][vc_column offset=&#8221;vc_hidden-lg vc_hidden-md vc_col-xs-12&#8243; css=&#8221;.vc_custom_1680619886182{background-image: url(https:\/\/oimpresso.com\/ajuda\/wp-content\/uploads\/2023\/04\/Rateio-MOBILE.png?id=10921) !important;background-position: center !important;background-repeat: no-repeat !important;background-size: cover !important;}&#8221;][vc_empty_space height=&#8221;300&#8243;][\/vc_column][\/vc_row][vc_row full_width=&#8221;stretch_row_content&#8221; content_placement=&#8221;middle&#8221;][vc_column offset=&#8221;vc_hidden-sm vc_col-xs-12 vc_hidden-xs&#8221;][vc_column_text css=&#8221;.vc_custom_1680620065826{padding-right: 50px !important;padding-left: 50px !important;}&#8221;]<\/p>\n<h2 style=\"text-align: center; color: #474747;\" id=\"o-office-impresso-pode-ajudar-associacoes-a-manterem-suas-financas-organizadas\" >O Office Impresso pode ajudar associa\u00e7\u00f5es a manterem suas finan\u00e7as organizadas<\/h2>\n<p>[\/vc_column_text][\/vc_column][vc_column offset=&#8221;vc_hidden-lg vc_hidden-md vc_col-xs-12&#8243;][vc_column_text css=&#8221;.vc_custom_1680620080538{padding-right: 10px !important;padding-left: 10px !important;}&#8221;]<\/p>\n<h2 style=\"text-align: center; color: #474747;\" id=\"o-office-impresso-pode-ajudar-associacoes-a-manterem-suas-financas-organizadas\" >O Office Impresso pode ajudar associa\u00e7\u00f5es a manterem suas finan\u00e7as organizadas<\/h2>\n<p>[\/vc_column_text][vc_separator][\/vc_column][\/vc_row][vc_row full_width=&#8221;stretch_row_content&#8221; equal_height=&#8221;yes&#8221; css=&#8221;.vc_custom_1676919941898{background-color: #ffffff !important;}&#8221;][vc_column width=&#8221;1\/2&#8243; offset=&#8221;vc_col-lg-6 vc_col-md-6 vc_hidden-sm vc_hidden-xs&#8221;][vc_single_image image=&#8221;10328&#8243; img_size=&#8221;200&#215;200&#8243; alignment=&#8221;center&#8221; css=&#8221;.vc_custom_1680620489959{margin-bottom: -35px !important;}&#8221;][vc_column_text css=&#8221;.vc_custom_1680620109313{padding-top: 25px !important;padding-right: 50px !important;padding-bottom: 25px !important;padding-left: 50px !important;}&#8221;]<\/p>\n<h1 style=\"font-size: 25px; text-align: center; line-height: 35px; color: #474747;\" id=\"facilidade-na-gestao-de-rateio\" >Facilidade na gest\u00e3o de rateio<\/h1>\n<p style=\"text-align: center; color: #676767;\">O <strong>Office Impresso<\/strong> oferece uma solu\u00e7\u00e3o completa e eficiente para a gest\u00e3o de rateio em associa\u00e7\u00f5es, tornando todo o processo mais simples e f\u00e1cil de ser realizado.<\/p>\n<p>[\/vc_column_text][\/vc_column][vc_column width=&#8221;1\/2&#8243; offset=&#8221;vc_col-lg-6 vc_col-md-6 vc_hidden-sm vc_hidden-xs&#8221;][vc_single_image image=&#8221;10327&#8243; img_size=&#8221;200&#215;200&#8243; alignment=&#8221;center&#8221; css=&#8221;.vc_custom_1680626115088{margin-bottom: -35px !important;}&#8221;][vc_column_text css=&#8221;.vc_custom_1680620160178{padding-top: 25px !important;padding-right: 50px !important;padding-bottom: 25px !important;padding-left: 50px !important;}&#8221;]<\/p>\n<h1 style=\"font-size: 25px; text-align: center; line-height: 35px; color: #474747;\" id=\"lancamentos-e-rateio-de-ocorrencias\" >Lan\u00e7amentos e rateio de ocorr\u00eancias<\/h1>\n<p style=\"text-align: center; color: #676767;\">Com o <strong>Office Impresso<\/strong>\u00a0\u00e9 poss\u00edvel realizar lan\u00e7amentos financeiros correspondentes \u00e0s ocorr\u00eancias e definir como ser\u00e1 realizado o c\u00e1lculo para ratear os valores devidos.<\/p>\n<p>[\/vc_column_text][\/vc_column][\/vc_row][vc_row full_width=&#8221;stretch_row_content&#8221; equal_height=&#8221;yes&#8221; css=&#8221;.vc_custom_1676920017047{background-color: #ffffff !important;}&#8221;][vc_column offset=&#8221;vc_hidden-lg vc_hidden-md vc_col-xs-12&#8243;][vc_single_image image=&#8221;10328&#8243; img_size=&#8221;200&#215;200&#8243; alignment=&#8221;center&#8221; css=&#8221;.vc_custom_1680620489959{margin-bottom: -35px !important;}&#8221;][vc_column_text css=&#8221;.vc_custom_1680620197810{padding-top: 25px !important;padding-right: 10px !important;padding-bottom: 25px !important;padding-left: 10px !important;}&#8221;]<\/p>\n<h1 style=\"font-size: 25px; text-align: center; line-height: 35px; color: #474747;\" id=\"facilidade-na-gestao-de-rateio\" >Facilidade na gest\u00e3o de rateio<\/h1>\n<p style=\"text-align: center; color: #676767;\">O <strong>Office Impresso<\/strong> oferece uma solu\u00e7\u00e3o completa e eficiente para a gest\u00e3o de rateio em associa\u00e7\u00f5es, tornando todo o processo mais simples e f\u00e1cil de ser realizado.<\/p>\n<p>&nbsp;<\/p>\n<p>&nbsp;<\/p>\n<ul style=\"color: #676767;\">\n<li><strong>Cadastro completo de associados e equipamentos:<\/strong> Com o cadastro completo, \u00e9 poss\u00edvel ter uma vis\u00e3o geral de todos os associados e seus equipamentos, facilitando a gest\u00e3o de rateio e finan\u00e7as.<\/li>\n<li><strong>Gest\u00e3o de rateio:<\/strong> O <strong>Office Impresso<\/strong> oferece uma solu\u00e7\u00e3o completa e eficiente para a gest\u00e3o de rateio em associa\u00e7\u00f5es, tornando todo o processo mais simples e f\u00e1cil de ser realizado.<\/li>\n<li><strong>Transpar\u00eancia:<\/strong> Com a gest\u00e3o de rateio mais organizada e transparente, \u00e9 poss\u00edvel evitar inconsist\u00eancias nas finan\u00e7as da associa\u00e7\u00e3o e garantir que todos os associados estejam cientes dos valores que est\u00e3o sendo cobrados.<\/li>\n<li><strong>Gest\u00e3o de finan\u00e7as:<\/strong> Al\u00e9m da gest\u00e3o de rateio, o <strong>Office Impresso<\/strong> oferece outras ferramentas para ajudar na gest\u00e3o de finan\u00e7as em associa\u00e7\u00f5es, como acompanhamento de mensalidades, gera\u00e7\u00e3o de boletos, emiss\u00e3o de relat\u00f3rios financeiros entre outros.<\/li>\n<\/ul>\n<p>[\/vc_column_text][\/vc_column][vc_column offset=&#8221;vc_hidden-lg vc_hidden-md vc_col-xs-12&#8243; css=&#8221;.vc_custom_1676920219749{background-color: #f4f4f4 !important;}&#8221;][vc_single_image image=&#8221;10327&#8243; img_size=&#8221;200&#215;200&#8243; alignment=&#8221;center&#8221; css=&#8221;.vc_custom_1680626115088{margin-bottom: -35px !important;}&#8221;][vc_column_text css=&#8221;.vc_custom_1680620214777{padding-top: 25px !important;padding-right: 10px !important;padding-bottom: 25px !important;padding-left: 10px !important;}&#8221;]<\/p>\n<h1 style=\"font-size: 25px; text-align: center; line-height: 35px; color: #474747;\" id=\"lancamentos-e-rateio-de-ocorrencias\" >Lan\u00e7amentos e rateio de ocorr\u00eancias<\/h1>\n<p style=\"text-align: center; color: #676767;\">Com o <strong>Office Impresso<\/strong>\u00a0\u00e9 poss\u00edvel realizar lan\u00e7amentos financeiros correspondentes \u00e0s ocorr\u00eancias e definir como ser\u00e1 realizado o c\u00e1lculo para ratear os valores devidos.<\/p>\n<p>[\/vc_column_text][\/vc_column][\/vc_row][vc_row][vc_column offset=&#8221;vc_hidden-sm vc_hidden-xs&#8221;][vc_column_text]<\/p>\n<ul style=\"font-size: 20px; color: #676767;\">\n<li><strong>Cadastro completo de associados e equipamentos:<\/strong> Com o cadastro completo, \u00e9 poss\u00edvel ter uma vis\u00e3o geral de todos os associados e seus equipamentos, facilitando a gest\u00e3o de rateio e finan\u00e7as.<\/li>\n<li><strong>Gest\u00e3o de rateio:<\/strong> O <strong>Office Impresso<\/strong> oferece uma solu\u00e7\u00e3o completa e eficiente para a gest\u00e3o de rateio em associa\u00e7\u00f5es, tornando todo o processo mais simples e f\u00e1cil de ser realizado.<\/li>\n<li><strong>Transpar\u00eancia:<\/strong> Com a gest\u00e3o de rateio mais organizada e transparente, \u00e9 poss\u00edvel evitar inconsist\u00eancias nas finan\u00e7as da associa\u00e7\u00e3o e garantir que todos os associados estejam cientes dos valores que est\u00e3o sendo cobrados.<\/li>\n<li><strong>Gest\u00e3o de finan\u00e7as:<\/strong> Al\u00e9m da gest\u00e3o de rateio, o <strong>Office Impresso<\/strong> oferece outras ferramentas para ajudar na gest\u00e3o de finan\u00e7as em associa\u00e7\u00f5es, como acompanhamento de mensalidades, gera\u00e7\u00e3o de boletos, emiss\u00e3o de relat\u00f3rios financeiros entre outros.<\/li>\n<\/ul>\n<p>[\/vc_column_text][\/vc_column][\/vc_row]<\/p>\n","protected":false},"excerpt":{"rendered":"<p>[vc_row full_width=&#8221;stretch_row_content&#8221; css=&#8221;.vc_custom_1676920898231{margin-top: -70px !important;padding-bottom: 50px !important;background-position: center !important;background-repeat: no-repeat !important;background-size: cover !important;}&#8221;][vc_column css=&#8221;.vc_custom_1680619540315{background-image: url(https:\/\/oimpresso.com\/ajuda\/wp-content\/uploads\/2023\/04\/Rateio.png?id=10920) !important;background-position: center !important;background-repeat: no-repeat !important;background-size: cover !important;}&#8221; offset=&#8221;vc_hidden-md vc_hidden-sm vc_hidden-xs&#8221;][vc_column_text css=&#8221;.vc_custom_1680619716446{padding-left: 50px !important;}&#8221;] Rateio [\/vc_column_text][vc_column_text css=&#8221;.vc_custom_1680619765742{padding-right: 600px !important;padding-left: 50px !important;}&#8221;] Dificuldades em gerenciar sua Associa\u00e7\u00e3o? Conte com o Office Impresso para facilitar os processos! [\/vc_column_text][vc_column_text css=&#8221;.vc_custom_1680619786190{padding-right: 630px !important;padding-left: 50px !important;}&#8221;] &hellip; <a href=\"https:\/\/oimpresso.com\/ajuda\/rateio\/\">Continued<\/a><\/p>\n","protected":false},"author":8,"featured_media":0,"parent":0,"menu_order":0,"comment_status":"closed","ping_status":"closed","template":"","meta":{"_bbp_topic_count":0,"_bbp_reply_count":0,"_bbp_total_topic_count":0,"_bbp_total_reply_count":0,"_bbp_voice_count":0,"_bbp_anonymous_reply_count":0,"_bbp_topic_count_hidden":0,"_bbp_reply_count_hidden":0,"_bbp_forum_subforum_count":0,"om_disable_all_campaigns":false,"_mi_skip_tracking":false},"yoast_head":"<!-- This site is optimized with the Yoast SEO plugin v20.5 - https:\/\/yoast.com\/wordpress\/plugins\/seo\/ -->\n<title>Rateio<\/title>\n<meta name=\"robots\" content=\"index, follow, max-snippet:-1, max-image-preview:large, max-video-preview:-1\" \/>\n<link rel=\"canonical\" href=\"https:\/\/oimpresso.com\/ajuda\/rateio\/\" \/>\n<meta property=\"og:locale\" content=\"pt_BR\" \/>\n<meta property=\"og:type\" content=\"article\" \/>\n<meta property=\"og:title\" content=\"Rateio\" \/>\n<meta property=\"og:description\" content=\"[vc_row full_width=&#8221;stretch_row_content&#8221; css=&#8221;.vc_custom_1676920898231{margin-top: -70px !important;padding-bottom: 50px !important;background-position: center !important;background-repeat: no-repeat !important;background-size: cover !important;}&#8221;][vc_column css=&#8221;.vc_custom_1680619540315{background-image: url(https:\/\/oimpresso.com\/ajuda\/wp-content\/uploads\/2023\/04\/Rateio.png?id=10920) !important;background-position: center !important;background-repeat: no-repeat !important;background-size: cover !important;}&#8221; offset=&#8221;vc_hidden-md vc_hidden-sm vc_hidden-xs&#8221;][vc_column_text css=&#8221;.vc_custom_1680619716446{padding-left: 50px !important;}&#8221;] Rateio [\/vc_column_text][vc_column_text css=&#8221;.vc_custom_1680619765742{padding-right: 600px !important;padding-left: 50px !important;}&#8221;] Dificuldades em gerenciar sua Associa\u00e7\u00e3o? Conte com o Office Impresso para facilitar os processos! [\/vc_column_text][vc_column_text css=&#8221;.vc_custom_1680619786190{padding-right: 630px !important;padding-left: 50px !important;}&#8221;] &hellip; Continued\" \/>\n<meta property=\"og:url\" content=\"https:\/\/oimpresso.com\/ajuda\/rateio\/\" \/>\n<meta property=\"og:site_name\" content=\"Office Impresso\" \/>\n<meta property=\"article:modified_time\" content=\"2023-04-04T16:38:10+00:00\" \/>\n<meta name=\"twitter:card\" content=\"summary_large_image\" \/>\n<meta name=\"twitter:label1\" content=\"Est. tempo de leitura\" \/>\n\t<meta name=\"twitter:data1\" content=\"7 minutos\" \/>\n<script type=\"application\/ld+json\" class=\"yoast-schema-graph\">{\"@context\":\"https:\/\/schema.org\",\"@graph\":[{\"@type\":\"WebPage\",\"@id\":\"https:\/\/oimpresso.com\/ajuda\/rateio\/\",\"url\":\"https:\/\/oimpresso.com\/ajuda\/rateio\/\",\"name\":\"Rateio\",\"isPartOf\":{\"@id\":\"https:\/\/oimpresso.com\/ajuda\/#website\"},\"datePublished\":\"2023-01-16T19:50:26+00:00\",\"dateModified\":\"2023-04-04T16:38:10+00:00\",\"breadcrumb\":{\"@id\":\"https:\/\/oimpresso.com\/ajuda\/rateio\/#breadcrumb\"},\"inLanguage\":\"pt-BR\",\"potentialAction\":[{\"@type\":\"ReadAction\",\"target\":[\"https:\/\/oimpresso.com\/ajuda\/rateio\/\"]}]},{\"@type\":\"BreadcrumbList\",\"@id\":\"https:\/\/oimpresso.com\/ajuda\/rateio\/#breadcrumb\",\"itemListElement\":[{\"@type\":\"ListItem\",\"position\":1,\"name\":\"In\u00edcio\",\"item\":\"https:\/\/oimpresso.com\/ajuda\/\"},{\"@type\":\"ListItem\",\"position\":2,\"name\":\"Rateio\"}]},{\"@type\":\"WebSite\",\"@id\":\"https:\/\/oimpresso.com\/ajuda\/#website\",\"url\":\"https:\/\/oimpresso.com\/ajuda\/\",\"name\":\"Office Impresso\",\"description\":\"Portal de Ajuda\",\"publisher\":{\"@id\":\"https:\/\/oimpresso.com\/ajuda\/#organization\"},\"potentialAction\":[{\"@type\":\"SearchAction\",\"target\":{\"@type\":\"EntryPoint\",\"urlTemplate\":\"https:\/\/oimpresso.com\/ajuda\/?s={search_term_string}\"},\"query-input\":\"required name=search_term_string\"}],\"inLanguage\":\"pt-BR\"},{\"@type\":\"Organization\",\"@id\":\"https:\/\/oimpresso.com\/ajuda\/#organization\",\"name\":\"Office Impresso\",\"url\":\"https:\/\/oimpresso.com\/ajuda\/\",\"logo\":{\"@type\":\"ImageObject\",\"inLanguage\":\"pt-BR\",\"@id\":\"https:\/\/oimpresso.com\/ajuda\/#\/schema\/logo\/image\/\",\"url\":\"https:\/\/oimpresso.com\/ajuda\/wp-content\/uploads\/2023\/04\/LOGO-PRETA-Office-Impresso-e1680706829226.png\",\"contentUrl\":\"https:\/\/oimpresso.com\/ajuda\/wp-content\/uploads\/2023\/04\/LOGO-PRETA-Office-Impresso-e1680706829226.png\",\"width\":275,\"height\":77,\"caption\":\"Office Impresso\"},\"image\":{\"@id\":\"https:\/\/oimpresso.com\/ajuda\/#\/schema\/logo\/image\/\"}}]}<\/script>\n<!-- \/ Yoast SEO plugin. -->","yoast_head_json":{"title":"Rateio","robots":{"index":"index","follow":"follow","max-snippet":"max-snippet:-1","max-image-preview":"max-image-preview:large","max-video-preview":"max-video-preview:-1"},"canonical":"https:\/\/oimpresso.com\/ajuda\/rateio\/","og_locale":"pt_BR","og_type":"article","og_title":"Rateio","og_description":"[vc_row full_width=&#8221;stretch_row_content&#8221; css=&#8221;.vc_custom_1676920898231{margin-top: -70px !important;padding-bottom: 50px !important;background-position: center !important;background-repeat: no-repeat !important;background-size: cover !important;}&#8221;][vc_column css=&#8221;.vc_custom_1680619540315{background-image: url(https:\/\/oimpresso.com\/ajuda\/wp-content\/uploads\/2023\/04\/Rateio.png?id=10920) !important;background-position: center !important;background-repeat: no-repeat !important;background-size: cover !important;}&#8221; offset=&#8221;vc_hidden-md vc_hidden-sm vc_hidden-xs&#8221;][vc_column_text css=&#8221;.vc_custom_1680619716446{padding-left: 50px !important;}&#8221;] Rateio [\/vc_column_text][vc_column_text css=&#8221;.vc_custom_1680619765742{padding-right: 600px !important;padding-left: 50px !important;}&#8221;] Dificuldades em gerenciar sua Associa\u00e7\u00e3o? Conte com o Office Impresso para facilitar os processos! [\/vc_column_text][vc_column_text css=&#8221;.vc_custom_1680619786190{padding-right: 630px !important;padding-left: 50px !important;}&#8221;] &hellip; Continued","og_url":"https:\/\/oimpresso.com\/ajuda\/rateio\/","og_site_name":"Office Impresso","article_modified_time":"2023-04-04T16:38:10+00:00","twitter_card":"summary_large_image","twitter_misc":{"Est. tempo de leitura":"7 minutos"},"schema":{"@context":"https:\/\/schema.org","@graph":[{"@type":"WebPage","@id":"https:\/\/oimpresso.com\/ajuda\/rateio\/","url":"https:\/\/oimpresso.com\/ajuda\/rateio\/","name":"Rateio","isPartOf":{"@id":"https:\/\/oimpresso.com\/ajuda\/#website"},"datePublished":"2023-01-16T19:50:26+00:00","dateModified":"2023-04-04T16:38:10+00:00","breadcrumb":{"@id":"https:\/\/oimpresso.com\/ajuda\/rateio\/#breadcrumb"},"inLanguage":"pt-BR","potentialAction":[{"@type":"ReadAction","target":["https:\/\/oimpresso.com\/ajuda\/rateio\/"]}]},{"@type":"BreadcrumbList","@id":"https:\/\/oimpresso.com\/ajuda\/rateio\/#breadcrumb","itemListElement":[{"@type":"ListItem","position":1,"name":"In\u00edcio","item":"https:\/\/oimpresso.com\/ajuda\/"},{"@type":"ListItem","position":2,"name":"Rateio"}]},{"@type":"WebSite","@id":"https:\/\/oimpresso.com\/ajuda\/#website","url":"https:\/\/oimpresso.com\/ajuda\/","name":"Office Impresso","description":"Portal de Ajuda","publisher":{"@id":"https:\/\/oimpresso.com\/ajuda\/#organization"},"potentialAction":[{"@type":"SearchAction","target":{"@type":"EntryPoint","urlTemplate":"https:\/\/oimpresso.com\/ajuda\/?s={search_term_string}"},"query-input":"required name=search_term_string"}],"inLanguage":"pt-BR"},{"@type":"Organization","@id":"https:\/\/oimpresso.com\/ajuda\/#organization","name":"Office Impresso","url":"https:\/\/oimpresso.com\/ajuda\/","logo":{"@type":"ImageObject","inLanguage":"pt-BR","@id":"https:\/\/oimpresso.com\/ajuda\/#\/schema\/logo\/image\/","url":"https:\/\/oimpresso.com\/ajuda\/wp-content\/uploads\/2023\/04\/LOGO-PRETA-Office-Impresso-e1680706829226.png","contentUrl":"https:\/\/oimpresso.com\/ajuda\/wp-content\/uploads\/2023\/04\/LOGO-PRETA-Office-Impresso-e1680706829226.png","width":275,"height":77,"caption":"Office Impresso"},"image":{"@id":"https:\/\/oimpresso.com\/ajuda\/#\/schema\/logo\/image\/"}}]}},"_links":{"self":[{"href":"https:\/\/oimpresso.com\/ajuda\/wp-json\/wp\/v2\/pages\/7796"}],"collection":[{"href":"https:\/\/oimpresso.com\/ajuda\/wp-json\/wp\/v2\/pages"}],"about":[{"href":"https:\/\/oimpresso.com\/ajuda\/wp-json\/wp\/v2\/types\/page"}],"author":[{"embeddable":true,"href":"https:\/\/oimpresso.com\/ajuda\/wp-json\/wp\/v2\/users\/8"}],"replies":[{"embeddable":true,"href":"https:\/\/oimpresso.com\/ajuda\/wp-json\/wp\/v2\/comments?post=7796"}],"version-history":[{"count":13,"href":"https:\/\/oimpresso.com\/ajuda\/wp-json\/wp\/v2\/pages\/7796\/revisions"}],"predecessor-version":[{"id":10924,"href":"https:\/\/oimpresso.com\/ajuda\/wp-json\/wp\/v2\/pages\/7796\/revisions\/10924"}],"wp:attachment":[{"href":"https:\/\/oimpresso.com\/ajuda\/wp-json\/wp\/v2\/media?parent=7796"}],"curies":[{"name":"wp","href":"https:\/\/api.w.org\/{rel}","templated":true}]}}