{"id":7788,"date":"2023-01-16T16:48:58","date_gmt":"2023-01-16T19:48:58","guid":{"rendered":"https:\/\/oimpresso.com\/ajuda\/?page_id=7788"},"modified":"2023-04-03T17:58:33","modified_gmt":"2023-04-03T20:58:33","slug":"ficha-ponto","status":"publish","type":"page","link":"https:\/\/oimpresso.com\/ajuda\/ficha-ponto\/","title":{"rendered":"Ficha Ponto"},"content":{"rendered":"<p>[vc_row full_width=&#8221;stretch_row_content&#8221; css=&#8221;.vc_custom_1676920898231{margin-top: -70px !important;padding-bottom: 50px !important;background-position: center !important;background-repeat: no-repeat !important;background-size: cover !important;}&#8221;][vc_column css=&#8221;.vc_custom_1679576577370{background-image: url(https:\/\/oimpresso.com\/ajuda\/wp-content\/uploads\/2023\/03\/Ficha-de-Ponto.png?id=10236) !important;background-position: center !important;background-repeat: no-repeat !important;background-size: cover !important;}&#8221; offset=&#8221;vc_hidden-md vc_hidden-sm vc_hidden-xs&#8221;][vc_column_text css=&#8221;.vc_custom_1680555155816{padding-left: 50px !important;}&#8221;]<\/p>\n<h1 style=\"color: #474747;\" id=\"ficha-de-ponto\" >Ficha de Ponto<\/h1>\n<p>[\/vc_column_text][vc_column_text css=&#8221;.vc_custom_1680555201816{padding-right: 600px !important;padding-left: 50px !important;}&#8221;]<\/p>\n<p style=\"color: #575757; font-size: 25px;\">Com o Office Impresso voc\u00ea pode registrar diretamente no cadastro os hor\u00e1rios de entrada e sa\u00edda do funcion\u00e1rio.<\/p>\n<p>[\/vc_column_text][vc_column_text css=&#8221;.vc_custom_1680555236351{padding-right: 630px !important;padding-left: 50px !important;}&#8221;]<\/p>\n<p style=\"color: #676767;\">Mantendo assim o controle da jornada de trabalho e podendo apontar dados exatos como horas extras, faltas e atrasos, auxiliando o setor de RH.<\/p>\n<p>[\/vc_column_text][vc_column_text css=&#8221;.vc_custom_1680207474930{padding-left: 50px !important;}&#8221;]<a class=\"fancybox-iframe\" style=\"display: flex; align-items: center; justify-content: center; width: 100%; max-width: 200px; height: 45px; border-radius: 25px; background: #80387B; background-image: linear-gradient(to bottom, #80387B, #CF61CA); border: none; color: #ffffff; font-size: 16px; cursor: pointer; text-align: center; text-decoration: none;\" href=\"https:\/\/oimpresso.com\/ajuda\/solicitar-proposta\/\">Experimente Agora<\/a>[\/vc_column_text][vc_empty_space height=&#8221;100&#8243;][\/vc_column][\/vc_row][vc_row full_width=&#8221;stretch_row_content&#8221; css=&#8221;.vc_custom_1676921146248{margin-top: -20px !important;padding-bottom: 50px !important;background-position: center !important;background-repeat: no-repeat !important;background-size: cover !important;}&#8221;][vc_column css=&#8221;.vc_custom_1680123453023{background-image: url(https:\/\/oimpresso.com\/ajuda\/wp-content\/uploads\/2023\/03\/Ficha-de-Ponto.png?id=10236) !important;background-position: center !important;background-repeat: no-repeat !important;background-size: cover !important;}&#8221; offset=&#8221;vc_hidden-lg vc_hidden-sm vc_hidden-xs&#8221;][vc_column_text css=&#8221;.vc_custom_1680555155816{padding-left: 50px !important;}&#8221;]<\/p>\n<h1 style=\"color: #474747;\" id=\"ficha-de-ponto\" >Ficha de Ponto<\/h1>\n<p>[\/vc_column_text][vc_column_text css=&#8221;.vc_custom_1680555201816{padding-right: 600px !important;padding-left: 50px !important;}&#8221;]<\/p>\n<p style=\"color: #575757; font-size: 25px;\">Com o Office Impresso voc\u00ea pode registrar diretamente no cadastro os hor\u00e1rios de entrada e sa\u00edda do funcion\u00e1rio.<\/p>\n<p>[\/vc_column_text][vc_column_text css=&#8221;.vc_custom_1680555236351{padding-right: 630px !important;padding-left: 50px !important;}&#8221;]<\/p>\n<p style=\"color: #676767;\">Mantendo assim o controle da jornada de trabalho e podendo apontar dados exatos como horas extras, faltas e atrasos, auxiliando o setor de RH.<\/p>\n<p>[\/vc_column_text][vc_column_text css=&#8221;.vc_custom_1680207448380{padding-left: 50px !important;}&#8221;]<a class=\"fancybox-iframe\" style=\"display: flex; align-items: center; justify-content: center; width: 100%; max-width: 200px; height: 45px; border-radius: 25px; background: #80387B; background-image: linear-gradient(to bottom, #80387B, #CF61CA); border: none; color: #ffffff; font-size: 16px; cursor: pointer; text-align: center; text-decoration: none;\" href=\"https:\/\/oimpresso.com\/ajuda\/solicitar-proposta\/\">Experimente Agora<\/a><\/p>\n<p>&nbsp;[\/vc_column_text][vc_empty_space height=&#8221;100&#8243;][\/vc_column][\/vc_row][vc_row full_width=&#8221;stretch_row_content&#8221; css=&#8221;.vc_custom_1676921326147{margin-top: -65px !important;padding-bottom: 50px !important;background-position: center !important;background-repeat: no-repeat !important;background-size: cover !important;}&#8221;][vc_column css=&#8221;.vc_custom_1676921921382{background-position: center !important;background-repeat: no-repeat !important;background-size: cover !important;}&#8221; offset=&#8221;vc_hidden-lg vc_hidden-md vc_col-xs-12&#8243;][vc_column_text css=&#8221;.vc_custom_1680555280470{padding-right: 50px !important;padding-left: 50px !important;}&#8221;]<\/p>\n<h1 style=\"text-align: center; color: #474747;\" id=\"ficha-de-ponto\" >Ficha de Ponto<\/h1>\n<p>[\/vc_column_text][vc_column_text css=&#8221;.vc_custom_1680555307815{padding-right: 10px !important;padding-left: 10px !important;}&#8221;]<\/p>\n<p style=\"text-align: center; color: #575757; font-size: 25px;\">Com o Office Impresso voc\u00ea pode registrar diretamente no cadastro os hor\u00e1rios de entrada e sa\u00edda do funcion\u00e1rio.<\/p>\n<p>[\/vc_column_text][vc_column_text css=&#8221;.vc_custom_1680555319758{padding-right: 10px !important;padding-left: 10px !important;}&#8221;]<\/p>\n<p style=\"text-align: center; color: #676767;\">Mantendo assim o controle da jornada de trabalho e podendo apontar dados exatos como horas extras, faltas e atrasos, auxiliando o setor de RH.<\/p>\n<p>[\/vc_column_text][vc_column_text css=&#8221;.vc_custom_1680207339851{margin-top: 20px !important;}&#8221;]<a style=\"width: 190px; height: 45px; border-radius: 25px; background: #80387B; background-image: linear-gradient(to bottom, #80387B, #CF61CA); border: none; color: #FFFFFF; font-size: 16px; cursor: pointer; display: flex; justify-content: center; align-items: center; margin: 0 auto; text-decoration: none;\" href=\"https:\/\/oimpresso.com\/ajuda\/solicitar-proposta\/;\">Experimente Agora<\/a>[\/vc_column_text][vc_row_inner][vc_column_inner css=&#8221;.vc_custom_1679576693781{background-image: url(https:\/\/oimpresso.com\/ajuda\/wp-content\/uploads\/2023\/03\/Ficha-de-Ponto-MOBILE.png?id=10237) !important;background-position: center !important;background-repeat: no-repeat !important;background-size: cover !important;}&#8221;][vc_empty_space height=&#8221;300&#8243;][\/vc_column_inner][\/vc_row_inner][\/vc_column][\/vc_row][vc_row full_width=&#8221;stretch_row_content&#8221; content_placement=&#8221;middle&#8221;][vc_column offset=&#8221;vc_hidden-sm vc_col-xs-12 vc_hidden-xs&#8221;][vc_column_text css=&#8221;.vc_custom_1680555342783{padding-right: 50px !important;padding-left: 50px !important;}&#8221;]<\/p>\n<h1 style=\"text-align: center; font-size: 35px; color: #474747;\" id=\"descubra-como-o-office-impresso-pode-ajudar-sua-empresa-a-gerenciar-as-horas-trabalhadas-dos-funcionarios-de-forma-mais-eficiente\" >Descubra como o Office Impresso pode ajudar sua empresa a gerenciar as horas trabalhadas dos funcion\u00e1rios de forma mais eficiente<\/h1>\n<p style=\"text-align: center; font-size: 25px; color: #676767;\">Com a nossa solu\u00e7\u00e3o de ficha de ponto, voc\u00ea pode acompanhar o hor\u00e1rio de entrada e sa\u00edda, horas extras, folgas e faltas de seus funcion\u00e1rios em tempo real.<\/p>\n<p>[\/vc_column_text][\/vc_column][vc_column offset=&#8221;vc_hidden-lg vc_hidden-md vc_col-xs-12&#8243;][vc_column_text css=&#8221;.vc_custom_1680555361902{padding-right: 10px !important;padding-left: 10px !important;}&#8221;]<\/p>\n<h1 style=\"text-align: center; font-size: 35px; color: #474747;\" id=\"descubra-como-o-office-impresso-pode-ajudar-sua-empresa-a-gerenciar-as-horas-trabalhadas-dos-funcionarios-de-forma-mais-eficiente\" >Descubra como o Office Impresso pode ajudar sua empresa a gerenciar as horas trabalhadas dos funcion\u00e1rios de forma mais eficiente<\/h1>\n<p style=\"text-align: center; font-size: 25px; color: #676767;\">Com a nossa solu\u00e7\u00e3o de ficha de ponto, voc\u00ea pode acompanhar o hor\u00e1rio de entrada e sa\u00edda, horas extras, folgas e faltas de seus funcion\u00e1rios em tempo real.<\/p>\n<p>[\/vc_column_text][vc_separator][\/vc_column][\/vc_row][vc_row full_width=&#8221;stretch_row_content&#8221; equal_height=&#8221;yes&#8221; css=&#8221;.vc_custom_1676920017047{background-color: #ffffff !important;}&#8221;][vc_column offset=&#8221;vc_hidden-lg vc_hidden-md vc_col-xs-12&#8243;][vc_single_image image=&#8221;10240&#8243; img_size=&#8221;200&#215;200&#8243; alignment=&#8221;center&#8221; css=&#8221;.vc_custom_1679578643651{margin-bottom: -35px !important;padding-right: 50px !important;padding-left: 50px !important;}&#8221;][vc_column_text css=&#8221;.vc_custom_1680555384134{padding-top: 25px !important;padding-right: 10px !important;padding-bottom: 25px !important;padding-left: 10px !important;}&#8221;]<\/p>\n<h1 style=\"font-size: 25px; text-align: center; line-height: 35px; color: #474747;\" id=\"controle-efetivo-de-carga-horaria\" >Controle efetivo de carga hor\u00e1ria<\/h1>\n<p style=\"text-align: center; color: #676767;\">O <strong>Office Impresso<\/strong> permite que voc\u00ea possa garantir que todas as informa\u00e7\u00f5es sobre a carga hor\u00e1ria dos seus funcion\u00e1rios estejam em um s\u00f3 lugar, permitindo que voc\u00ea tenha um controle mais efetivo sobre a folha de pagamento e a gest\u00e3o do pessoal<\/p>\n<p>[\/vc_column_text][vc_column_text]<\/p>\n<ul style=\"color: #676767;\">\n<li>O <strong>Office Impresso<\/strong> permite registrar facilmente as marca\u00e7\u00f5es de ponto dos funcion\u00e1rios.<\/li>\n<li>Com a ficha de ponto do <strong>Office Impresso,<\/strong> \u00e9 poss\u00edvel evitar processos trabalhistas.<\/li>\n<li>A tecnologia em nuvem do <strong>Office Impresso<\/strong> permite acesso remoto \u00e0s informa\u00e7\u00f5es de ponto.<\/li>\n<li>O Office Impresso oferece integra\u00e7\u00e3o com a folha de pagamento, evitando erros de c\u00e1lculo e garantindo o pagamento correto dos funcion\u00e1rios.<\/li>\n<\/ul>\n<p>[\/vc_column_text][\/vc_column][vc_column offset=&#8221;vc_hidden-lg vc_hidden-md vc_col-xs-12&#8243; css=&#8221;.vc_custom_1676920219749{background-color: #f4f4f4 !important;}&#8221;][vc_single_image image=&#8221;9783&#8243; img_size=&#8221;200&#215;200&#8243; alignment=&#8221;center&#8221; css=&#8221;.vc_custom_1679578972683{margin-bottom: -35px !important;padding-right: 50px !important;padding-left: 50px !important;}&#8221;][vc_column_text css=&#8221;.vc_custom_1680555452517{padding-top: 25px !important;padding-right: 10px !important;padding-bottom: 25px !important;padding-left: 10px !important;}&#8221;]<\/p>\n<h1 style=\"font-size: 25px; text-align: center; line-height: 35px; color: #474747;\" id=\"personalizacao-total\" >Personaliza\u00e7\u00e3o total<\/h1>\n<p style=\"text-align: center; color: #676767;\">O <strong>Office Impresso<\/strong> permite que voc\u00ea personalize as configura\u00e7\u00f5es de acordo com suas necessidades espec\u00edficas.<\/p>\n<p>[\/vc_column_text][vc_row_inner][vc_column_inner][\/vc_column_inner][\/vc_row_inner][\/vc_column][\/vc_row][vc_row full_width=&#8221;stretch_row_content&#8221;][vc_column width=&#8221;1\/3&#8243; offset=&#8221;vc_hidden-sm vc_hidden-xs&#8221;][vc_single_image image=&#8221;10240&#8243; img_size=&#8221;200&#215;200&#8243; alignment=&#8221;center&#8221; css=&#8221;.vc_custom_1679578643651{margin-bottom: -35px !important;padding-right: 50px !important;padding-left: 50px !important;}&#8221;][vc_column_text css=&#8221;.vc_custom_1680555478269{padding-top: 25px !important;padding-right: 50px !important;padding-bottom: 25px !important;padding-left: 50px !important;}&#8221;]<\/p>\n<h1 style=\"font-size: 25px; text-align: center; line-height: 35px; color: #474747;\" id=\"controle-efetivo-de-carga-horaria\" >Controle efetivo de carga hor\u00e1ria<\/h1>\n<p style=\"text-align: center; color: #676767;\">O <strong>Office Impresso<\/strong> permite que voc\u00ea possa garantir que todas as informa\u00e7\u00f5es sobre a carga hor\u00e1ria dos seus funcion\u00e1rios estejam em um s\u00f3 lugar, permitindo que voc\u00ea tenha um controle mais efetivo sobre a folha de pagamento e a gest\u00e3o do pessoal<\/p>\n<p>[\/vc_column_text][\/vc_column][vc_column width=&#8221;1\/3&#8243; offset=&#8221;vc_hidden-sm vc_hidden-xs&#8221;][vc_empty_space height=&#8221;200&#8243; css=&#8221;.vc_custom_1679579034059{margin-bottom: -35px !important;}&#8221;][vc_column_text]<\/p>\n<ul style=\"color: #676767;\">\n<li>O <strong>Office Impresso<\/strong> permite registrar facilmente as marca\u00e7\u00f5es de ponto dos funcion\u00e1rios.<\/li>\n<li>Com a ficha de ponto do <strong>Office Impresso,<\/strong> \u00e9 poss\u00edvel evitar processos trabalhistas.<\/li>\n<li>A tecnologia em nuvem do <strong>Office Impresso<\/strong> permite acesso remoto \u00e0s informa\u00e7\u00f5es de ponto.<\/li>\n<li>O Office Impresso oferece integra\u00e7\u00e3o com a folha de pagamento, evitando erros de c\u00e1lculo e garantindo o pagamento correto dos funcion\u00e1rios.<\/li>\n<\/ul>\n<p>[\/vc_column_text][\/vc_column][vc_column width=&#8221;1\/3&#8243; offset=&#8221;vc_hidden-sm vc_hidden-xs&#8221;][vc_single_image image=&#8221;9783&#8243; img_size=&#8221;200&#215;200&#8243; alignment=&#8221;center&#8221; css=&#8221;.vc_custom_1679578972683{margin-bottom: -35px !important;padding-right: 50px !important;padding-left: 50px !important;}&#8221;][vc_column_text css=&#8221;.vc_custom_1680555533117{padding-top: 25px !important;padding-right: 50px !important;padding-bottom: 25px !important;padding-left: 50px !important;}&#8221;]<\/p>\n<h1 style=\"font-size: 25px; text-align: center; line-height: 35px; color: #474747;\" id=\"personalizacao-total\" >Personaliza\u00e7\u00e3o total<\/h1>\n<p style=\"text-align: center; color: #676767;\">O <strong>Office Impresso<\/strong> permite que voc\u00ea personalize as configura\u00e7\u00f5es de acordo com suas necessidades espec\u00edficas.<\/p>\n<p>[\/vc_column_text][\/vc_column][\/vc_row]<\/p>\n","protected":false},"excerpt":{"rendered":"<p>[vc_row full_width=&#8221;stretch_row_content&#8221; css=&#8221;.vc_custom_1676920898231{margin-top: -70px !important;padding-bottom: 50px !important;background-position: center !important;background-repeat: no-repeat !important;background-size: cover !important;}&#8221;][vc_column css=&#8221;.vc_custom_1679576577370{background-image: url(https:\/\/oimpresso.com\/ajuda\/wp-content\/uploads\/2023\/03\/Ficha-de-Ponto.png?id=10236) !important;background-position: center !important;background-repeat: no-repeat !important;background-size: cover !important;}&#8221; offset=&#8221;vc_hidden-md vc_hidden-sm vc_hidden-xs&#8221;][vc_column_text css=&#8221;.vc_custom_1680555155816{padding-left: 50px !important;}&#8221;] Ficha de Ponto [\/vc_column_text][vc_column_text css=&#8221;.vc_custom_1680555201816{padding-right: 600px !important;padding-left: 50px !important;}&#8221;] Com o Office Impresso voc\u00ea pode registrar diretamente no cadastro os hor\u00e1rios de entrada e sa\u00edda do funcion\u00e1rio. &hellip; <a href=\"https:\/\/oimpresso.com\/ajuda\/ficha-ponto\/\">Continued<\/a><\/p>\n","protected":false},"author":8,"featured_media":0,"parent":0,"menu_order":0,"comment_status":"closed","ping_status":"closed","template":"","meta":{"_bbp_topic_count":0,"_bbp_reply_count":0,"_bbp_total_topic_count":0,"_bbp_total_reply_count":0,"_bbp_voice_count":0,"_bbp_anonymous_reply_count":0,"_bbp_topic_count_hidden":0,"_bbp_reply_count_hidden":0,"_bbp_forum_subforum_count":0,"om_disable_all_campaigns":false,"_mi_skip_tracking":false},"yoast_head":"<!-- This site is optimized with the Yoast SEO plugin v20.5 - https:\/\/yoast.com\/wordpress\/plugins\/seo\/ -->\n<title>Ficha Ponto<\/title>\n<meta name=\"robots\" content=\"index, follow, max-snippet:-1, max-image-preview:large, max-video-preview:-1\" \/>\n<link rel=\"canonical\" href=\"https:\/\/oimpresso.com\/ajuda\/ficha-ponto\/\" \/>\n<meta property=\"og:locale\" content=\"pt_BR\" \/>\n<meta property=\"og:type\" content=\"article\" \/>\n<meta property=\"og:title\" content=\"Ficha Ponto\" \/>\n<meta property=\"og:description\" content=\"[vc_row full_width=&#8221;stretch_row_content&#8221; css=&#8221;.vc_custom_1676920898231{margin-top: -70px !important;padding-bottom: 50px !important;background-position: center !important;background-repeat: no-repeat !important;background-size: cover !important;}&#8221;][vc_column css=&#8221;.vc_custom_1679576577370{background-image: url(https:\/\/oimpresso.com\/ajuda\/wp-content\/uploads\/2023\/03\/Ficha-de-Ponto.png?id=10236) !important;background-position: center !important;background-repeat: no-repeat !important;background-size: cover !important;}&#8221; offset=&#8221;vc_hidden-md vc_hidden-sm vc_hidden-xs&#8221;][vc_column_text css=&#8221;.vc_custom_1680555155816{padding-left: 50px !important;}&#8221;] Ficha de Ponto [\/vc_column_text][vc_column_text css=&#8221;.vc_custom_1680555201816{padding-right: 600px !important;padding-left: 50px !important;}&#8221;] Com o Office Impresso voc\u00ea pode registrar diretamente no cadastro os hor\u00e1rios de entrada e sa\u00edda do funcion\u00e1rio. &hellip; Continued\" \/>\n<meta property=\"og:url\" content=\"https:\/\/oimpresso.com\/ajuda\/ficha-ponto\/\" \/>\n<meta property=\"og:site_name\" content=\"Office Impresso\" \/>\n<meta property=\"article:modified_time\" content=\"2023-04-03T20:58:33+00:00\" \/>\n<meta name=\"twitter:card\" content=\"summary_large_image\" \/>\n<meta name=\"twitter:label1\" content=\"Est. tempo de leitura\" \/>\n\t<meta name=\"twitter:data1\" content=\"6 minutos\" \/>\n<script type=\"application\/ld+json\" class=\"yoast-schema-graph\">{\"@context\":\"https:\/\/schema.org\",\"@graph\":[{\"@type\":\"WebPage\",\"@id\":\"https:\/\/oimpresso.com\/ajuda\/ficha-ponto\/\",\"url\":\"https:\/\/oimpresso.com\/ajuda\/ficha-ponto\/\",\"name\":\"Ficha Ponto\",\"isPartOf\":{\"@id\":\"https:\/\/oimpresso.com\/ajuda\/#website\"},\"datePublished\":\"2023-01-16T19:48:58+00:00\",\"dateModified\":\"2023-04-03T20:58:33+00:00\",\"breadcrumb\":{\"@id\":\"https:\/\/oimpresso.com\/ajuda\/ficha-ponto\/#breadcrumb\"},\"inLanguage\":\"pt-BR\",\"potentialAction\":[{\"@type\":\"ReadAction\",\"target\":[\"https:\/\/oimpresso.com\/ajuda\/ficha-ponto\/\"]}]},{\"@type\":\"BreadcrumbList\",\"@id\":\"https:\/\/oimpresso.com\/ajuda\/ficha-ponto\/#breadcrumb\",\"itemListElement\":[{\"@type\":\"ListItem\",\"position\":1,\"name\":\"In\u00edcio\",\"item\":\"https:\/\/oimpresso.com\/ajuda\/\"},{\"@type\":\"ListItem\",\"position\":2,\"name\":\"Ficha Ponto\"}]},{\"@type\":\"WebSite\",\"@id\":\"https:\/\/oimpresso.com\/ajuda\/#website\",\"url\":\"https:\/\/oimpresso.com\/ajuda\/\",\"name\":\"Office Impresso\",\"description\":\"Portal de Ajuda\",\"publisher\":{\"@id\":\"https:\/\/oimpresso.com\/ajuda\/#organization\"},\"potentialAction\":[{\"@type\":\"SearchAction\",\"target\":{\"@type\":\"EntryPoint\",\"urlTemplate\":\"https:\/\/oimpresso.com\/ajuda\/?s={search_term_string}\"},\"query-input\":\"required name=search_term_string\"}],\"inLanguage\":\"pt-BR\"},{\"@type\":\"Organization\",\"@id\":\"https:\/\/oimpresso.com\/ajuda\/#organization\",\"name\":\"Office Impresso\",\"url\":\"https:\/\/oimpresso.com\/ajuda\/\",\"logo\":{\"@type\":\"ImageObject\",\"inLanguage\":\"pt-BR\",\"@id\":\"https:\/\/oimpresso.com\/ajuda\/#\/schema\/logo\/image\/\",\"url\":\"https:\/\/oimpresso.com\/ajuda\/wp-content\/uploads\/2023\/04\/LOGO-PRETA-Office-Impresso-e1680706829226.png\",\"contentUrl\":\"https:\/\/oimpresso.com\/ajuda\/wp-content\/uploads\/2023\/04\/LOGO-PRETA-Office-Impresso-e1680706829226.png\",\"width\":275,\"height\":77,\"caption\":\"Office Impresso\"},\"image\":{\"@id\":\"https:\/\/oimpresso.com\/ajuda\/#\/schema\/logo\/image\/\"}}]}<\/script>\n<!-- \/ Yoast SEO plugin. -->","yoast_head_json":{"title":"Ficha Ponto","robots":{"index":"index","follow":"follow","max-snippet":"max-snippet:-1","max-image-preview":"max-image-preview:large","max-video-preview":"max-video-preview:-1"},"canonical":"https:\/\/oimpresso.com\/ajuda\/ficha-ponto\/","og_locale":"pt_BR","og_type":"article","og_title":"Ficha Ponto","og_description":"[vc_row full_width=&#8221;stretch_row_content&#8221; css=&#8221;.vc_custom_1676920898231{margin-top: -70px !important;padding-bottom: 50px !important;background-position: center !important;background-repeat: no-repeat !important;background-size: cover !important;}&#8221;][vc_column css=&#8221;.vc_custom_1679576577370{background-image: url(https:\/\/oimpresso.com\/ajuda\/wp-content\/uploads\/2023\/03\/Ficha-de-Ponto.png?id=10236) !important;background-position: center !important;background-repeat: no-repeat !important;background-size: cover !important;}&#8221; offset=&#8221;vc_hidden-md vc_hidden-sm vc_hidden-xs&#8221;][vc_column_text css=&#8221;.vc_custom_1680555155816{padding-left: 50px !important;}&#8221;] Ficha de Ponto [\/vc_column_text][vc_column_text css=&#8221;.vc_custom_1680555201816{padding-right: 600px !important;padding-left: 50px !important;}&#8221;] Com o Office Impresso voc\u00ea pode registrar diretamente no cadastro os hor\u00e1rios de entrada e sa\u00edda do funcion\u00e1rio. &hellip; Continued","og_url":"https:\/\/oimpresso.com\/ajuda\/ficha-ponto\/","og_site_name":"Office Impresso","article_modified_time":"2023-04-03T20:58:33+00:00","twitter_card":"summary_large_image","twitter_misc":{"Est. tempo de leitura":"6 minutos"},"schema":{"@context":"https:\/\/schema.org","@graph":[{"@type":"WebPage","@id":"https:\/\/oimpresso.com\/ajuda\/ficha-ponto\/","url":"https:\/\/oimpresso.com\/ajuda\/ficha-ponto\/","name":"Ficha Ponto","isPartOf":{"@id":"https:\/\/oimpresso.com\/ajuda\/#website"},"datePublished":"2023-01-16T19:48:58+00:00","dateModified":"2023-04-03T20:58:33+00:00","breadcrumb":{"@id":"https:\/\/oimpresso.com\/ajuda\/ficha-ponto\/#breadcrumb"},"inLanguage":"pt-BR","potentialAction":[{"@type":"ReadAction","target":["https:\/\/oimpresso.com\/ajuda\/ficha-ponto\/"]}]},{"@type":"BreadcrumbList","@id":"https:\/\/oimpresso.com\/ajuda\/ficha-ponto\/#breadcrumb","itemListElement":[{"@type":"ListItem","position":1,"name":"In\u00edcio","item":"https:\/\/oimpresso.com\/ajuda\/"},{"@type":"ListItem","position":2,"name":"Ficha Ponto"}]},{"@type":"WebSite","@id":"https:\/\/oimpresso.com\/ajuda\/#website","url":"https:\/\/oimpresso.com\/ajuda\/","name":"Office Impresso","description":"Portal de Ajuda","publisher":{"@id":"https:\/\/oimpresso.com\/ajuda\/#organization"},"potentialAction":[{"@type":"SearchAction","target":{"@type":"EntryPoint","urlTemplate":"https:\/\/oimpresso.com\/ajuda\/?s={search_term_string}"},"query-input":"required name=search_term_string"}],"inLanguage":"pt-BR"},{"@type":"Organization","@id":"https:\/\/oimpresso.com\/ajuda\/#organization","name":"Office Impresso","url":"https:\/\/oimpresso.com\/ajuda\/","logo":{"@type":"ImageObject","inLanguage":"pt-BR","@id":"https:\/\/oimpresso.com\/ajuda\/#\/schema\/logo\/image\/","url":"https:\/\/oimpresso.com\/ajuda\/wp-content\/uploads\/2023\/04\/LOGO-PRETA-Office-Impresso-e1680706829226.png","contentUrl":"https:\/\/oimpresso.com\/ajuda\/wp-content\/uploads\/2023\/04\/LOGO-PRETA-Office-Impresso-e1680706829226.png","width":275,"height":77,"caption":"Office Impresso"},"image":{"@id":"https:\/\/oimpresso.com\/ajuda\/#\/schema\/logo\/image\/"}}]}},"_links":{"self":[{"href":"https:\/\/oimpresso.com\/ajuda\/wp-json\/wp\/v2\/pages\/7788"}],"collection":[{"href":"https:\/\/oimpresso.com\/ajuda\/wp-json\/wp\/v2\/pages"}],"about":[{"href":"https:\/\/oimpresso.com\/ajuda\/wp-json\/wp\/v2\/types\/page"}],"author":[{"embeddable":true,"href":"https:\/\/oimpresso.com\/ajuda\/wp-json\/wp\/v2\/users\/8"}],"replies":[{"embeddable":true,"href":"https:\/\/oimpresso.com\/ajuda\/wp-json\/wp\/v2\/comments?post=7788"}],"version-history":[{"count":14,"href":"https:\/\/oimpresso.com\/ajuda\/wp-json\/wp\/v2\/pages\/7788\/revisions"}],"predecessor-version":[{"id":10892,"href":"https:\/\/oimpresso.com\/ajuda\/wp-json\/wp\/v2\/pages\/7788\/revisions\/10892"}],"wp:attachment":[{"href":"https:\/\/oimpresso.com\/ajuda\/wp-json\/wp\/v2\/media?parent=7788"}],"curies":[{"name":"wp","href":"https:\/\/api.w.org\/{rel}","templated":true}]}}